te the highest common divisor of 3 and 919.
1
What is the greatest common factor of 90 and 690?
30
Calculate the greatest common factor of 915 and 28560.
15
What is the highest common divisor of 2329 and 9179?
137
What is the highest common factor of 136 and 176188?
68
Calculate the greatest common factor of 2607 and 27492.
237
What is the greatest common divisor of 312 and 21480?
24
Calculate the highest common divisor of 36960 and 5670.
210
What is the highest common factor of 485556 and 2064?
516
What is the highest common factor of 27029 and 1611?
179
What is the highest common factor of 2546 and 46230?
134
Calculate the greatest common divisor of 189470 and 110.
10
Calculate the highest common factor of 199 and 1167931.
199
Calculate the greatest common factor of 69 and 321333.
69
What is the highest common divisor of 868 and 1953?
217
What is the highest common divisor of 39242 and 77?
7
Calculate the highest common factor of 3808 and 348075.
119
Calculate the highest common factor of 12 and 6608.
4
Calculate the greatest common divisor of 21523490 and 10.
10
What is the greatest common factor of 108 and 724?
4
Calculate the highest common divisor of 19137 and 42.
3
Calculate the greatest common factor of 119871 and 1026.
171
What is the highest common divisor of 52644 and 1356?
12
Calculate the greatest common factor of 21 and 587734.
7
Calculate the greatest common factor of 36 and 990972.
36
What is the greatest common factor of 356 and 13973?
89
Calculate the highest common factor of 297 and 8217.
99
Calculate the greatest common factor of 73 and 25769.
73
Calculate the greatest common divisor of 2544 and 272844.
636
Calculate the greatest common factor of 26 and 1424306.
26
Calculate the highest common divisor of 67675 and 100.
25
Calculate the greatest common divisor of 44861 and 5161.
397
Calculate the greatest common factor of 54032 and 2.
2
What is the highest common divisor of 26 and 121238?
26
Calculate the greatest common divisor of 22475 and 1160.
145
What is the highest common divisor of 54414 and 54?
18
What is the greatest common divisor of 40047 and 105?
21
Calculate the greatest common divisor of 1327283 and 19.
19
What is the highest common factor of 284 and 13084?
4
Calculate the highest common divisor of 2 and 1518206.
2
What is the greatest common divisor of 137440 and 3680?
160
Calculate the highest common divisor of 25776 and 720.
144
Calculate the greatest common divisor of 578 and 124848.
578
What is the highest common divisor of 5205 and 564222?
1041
What is the greatest common factor of 1010 and 230?
10
What is the highest common divisor of 260 and 28480?
20
What is the greatest common factor of 372 and 9?
3
What is the highest common factor of 1323 and 5887?
7
What is the greatest common divisor of 537838 and 42?
14
Calculate the highest common factor of 580 and 1024.
4
What is the greatest common divisor of 5 and 24935?
5
Calculate the greatest common divisor of 26057 and 142.
71
What is the greatest common divisor of 20 and 1247340?
20
Calculate the highest common factor of 678156 and 2604.
372
What is the greatest common factor of 10989663 and 669?
669
What is the highest common divisor of 124 and 6516?
4
Calculate the greatest common factor of 5745 and 60.
15
Calculate the greatest common divisor of 364185 and 195.
15
Calculate the greatest common divisor of 3290 and 1584135.
1645
Calculate the greatest common factor of 47086 and 286.
26
Calculate the greatest common divisor of 160 and 3625888.
32
What is the greatest common factor of 5388 and 36?
12
Calculate the highest common factor of 30 and 1610970.
30
What is the greatest common factor of 363 and 9339?
33
What is the highest common divisor of 2002 and 4368?
182
What is the greatest common divisor of 116 and 8381?
29
Calculate the greatest common factor of 31570 and 105.
35
Calculate the highest common factor of 1771796 and 2366.
338
What is the greatest common divisor of 80735 and 15745?
335
Calculate the highest common factor of 483595 and 245.
35
Calculate the greatest common divisor of 10100 and 808.
404
Calculate the greatest common divisor of 373060 and 276.
92
Calculate the greatest common divisor of 123 and 20049.
123
What is the greatest common divisor of 5965 and 15?
5
Calculate the greatest common divisor of 3998 and 38.
2
What is the highest common factor of 68 and 2732359?
17
Calculate the greatest common factor of 184 and 60605.
23
What is the highest common factor of 96 and 68820?
12
Calculate the highest common factor of 7076 and 16043.
61
Calculate the greatest common divisor of 5826 and 66.
6
Calculate the greatest common factor of 37140 and 6809.
619
Calculate the greatest common divisor of 59368 and 44888.
1448
What is the greatest common factor of 3720 and 280?
40
Calculate the highest common divisor of 816 and 1666.
34
Calculate the highest common divisor of 320 and 125910.
10
Calculate the greatest common factor of 256 and 316064.
32
Calculate the highest common factor of 294 and 2898546.
294
What is the highest common factor of 585 and 47580?
195
Calculate the greatest common factor of 42 and 1180074.
42
Calculate the greatest common divisor of 11915 and 305.
5
Calculate the greatest common factor of 105931 and 1036.
259
What is the highest common divisor of 138 and 21183?
69
Calculate the highest common divisor of 3946 and 4.
2
Calculate the highest common factor of 5772 and 2172.
12
Calculate the highest common divisor of 27 and 6257.
1
Calculate the highest common factor of 792 and 60808.
88
Calculate the greatest common factor of 36 and 260520.
12
What is the greatest common factor of 1431624 and 24?
24
Calculate the greatest common divisor of 597796 and 3184.
796
What is the highest common factor of 5500 and 30140?
220
Calculate the greatest common divisor of 309 and 1353008.
103
Calculate the greatest common divisor of 319710 and 15.
15
Calculate the highest common divisor of 5457 and 1605.
321
What is the greatest common divisor of 3258430 and 70?
70
What is the highest common divisor of 2478663 and 55?
11
Calculate the greatest common divisor of 39348 and 63.
9
What is the greatest common factor of 467410 and 1290?
430
Calculate the highest common divisor of 1 and 2568.
1
What is the greatest common factor of 683462 and 194?
194
What is the highest common divisor of 690 and 839730?
690
What is the greatest common factor of 93672 and 2748?
12
Calculate the highest common factor of 236 and 299602.
118
What is the greatest common factor of 45 and 17673?
3
What is the greatest common factor of 11 and 139491?
11
What is the highest common divisor of 213375 and 625?
125
What is the greatest common factor of 4612781 and 89?
89
What is the greatest common divisor of 3629 and 5157?
191
Calculate the greatest common factor of 43722 and 3816.
18
Calculate the greatest common factor of 63 and 431928.
63
What is the highest common factor of 15638 and 581?
7
Calculate the highest common divisor of 1449 and 97911.
207
What is the highest common factor of 4200 and 2352?
168
Calculate the greatest common factor of 27624 and 1176.
24
Calculate the greatest common divisor of 3108 and 130221.
21
What is the highest common factor of 12 and 2077122?
6
Calculate the highest common factor of 238 and 49385.
119
What is the greatest common divisor of 1336770 and 18?
18
What is the highest common divisor of 31610 and 116?
58
Calculate the greatest common factor of 295 and 1895.
5
What is the highest common factor of 81699 and 90857?
241
Calculate the highest common factor of 9489 and 3.
3
Calculate the greatest common divisor of 1440 and 640.
160
What is the highest common divisor of 3042 and 54?
18
What is the greatest common factor of 8381 and 5491?
289
What is the highest common divisor of 9853 and 11189?
167
What is the greatest common factor of 18 and 785226?
6
What is the greatest common factor of 76 and 3667?
19
Calculate the highest common divisor of 7145 and 3735.
5
Calculate the greatest common divisor of 100 and 50425.
25
What is the greatest common factor of 9854 and 988?
26
Calculate the greatest common divisor of 43 and 552077.
43
What is the greatest common factor of 4269203 and 109?
109
Calculate the highest common divisor o